of 5541642.
2, 3, 41, 2503
List the prime factors of 318141217.
113, 547, 5147
List the prime factors of 1317132062.
2, 658566031
List the prime factors of 126558315.
3, 5, 13, 37, 1949
List the prime factors of 93115460.
2, 5, 17, 47, 5827
What are the prime factors of 11986493?
11986493
What are the prime factors of 307991873?
7, 17, 23, 131, 859
What are the prime factors of 4125572676?
2, 3, 19, 167, 4013
List the prime factors of 7751784.
2, 3, 173, 1867
List the prime factors of 1747632943.
7, 23, 10854863
What are the prime factors of 229429406?
2, 59, 1944317
List the prime factors of 53108179.
97, 109, 5023
List the prime factors of 43041076.
2, 13, 17, 181, 269
What are the prime factors of 20191037?
43, 499, 941
What are the prime factors of 853438530?
2, 3, 5, 7, 181, 22453
What are the prime factors of 17660630?
2, 5, 13, 135851
What are the prime factors of 820684725?
3, 5, 7, 1563209
List the prime factors of 160347334.
2, 7, 251, 45631
List the prime factors of 79810478.
2, 11, 17, 213397
What are the prime factors of 274536967?
5449, 50383
List the prime factors of 1335030430.
2, 5, 133503043
What are the prime factors of 3447486098?
2, 7, 547, 823
List the prime factors of 1201043364.
2, 3, 7963, 12569
What are the prime factors of 227017733?
97, 677, 3457
List the prime factors of 342883799.
7559, 45361
What are the prime factors of 153768962?
2, 29, 2651189
List the prime factors of 1357635009.
3, 41, 409, 26987
What are the prime factors of 4653010?
2, 5, 233, 1997
List the prime factors of 2141357296.
2, 13, 10294987
What are the prime factors of 578988861?
3, 11, 571, 30727
What are the prime factors of 209321856?
2, 3, 109, 1667
List the prime factors of 95086076.
2, 47, 505777
What are the prime factors of 134343800?
2, 5, 83, 8093
List the prime factors of 1007801969.
18251, 55219
What are the prime factors of 50158507?
7, 1023643
What are the prime factors of 166512036?
2, 3, 31, 181, 2473
What are the prime factors of 1245883323?
3, 415294441
List the prime factors of 124825598.
2, 62412799
List the prime factors of 227413565.
5, 19, 509, 4703
List the prime factors of 199371465.
3, 5, 19, 233183
List the prime factors of 23739771.
3, 11, 59, 89, 137
What are the prime factors of 46049002?
2, 47, 467, 1049
List the prime factors of 65810440.
2, 5, 367, 4483
List the prime factors of 911454608.
2, 433, 131561
List the prime factors of 8302269.
3, 2767423
List the prime factors of 56849928.
2, 3, 23, 181, 569
What are the prime factors of 7331873623?
7331873623
List the prime factors of 3465180246.
2, 3, 11, 29, 1810439
List the prime factors of 4152104756.
2, 2089, 496901
What are the prime factors of 83877473?
17, 4933969
What are the prime factors of 341338967?
341338967
List the prime factors of 104959318.
2, 52479659
What are the prime factors of 4705914180?
2, 3, 5, 11, 7130173
What are the prime factors of 46556784?
2, 3, 23, 14057
List the prime factors of 60740974.
2, 7, 1721, 2521
List the prime factors of 698895798.
2, 3, 116482633
List the prime factors of 113731682.
2, 19, 2992939
List the prime factors of 90812580.
2, 3, 5, 1513543
List the prime factors of 472976973.
3, 7, 227, 33073
List the prime factors of 1355930799.
3, 23, 79, 248749
What are the prime factors of 665041644?
2, 3, 6157793
List the prime factors of 5033884474.
2, 313, 409, 19661
What are the prime factors of 5258478?
2, 3, 19, 193, 239
What are the prime factors of 46334494?
2, 223, 103889
List the prime factors of 2559424273.
7, 17, 37, 137, 4243
List the prime factors of 729703833.
3, 243234611
What are the prime factors of 1234476366?
2, 3, 205746061
List the prime factors of 975319461.
3, 17, 708293
List the prime factors of 31301320.
2, 5, 31, 25243
What are the prime factors of 63034484?
2, 167, 197, 479
List the prime factors of 2226644870.
2, 5, 17, 13097911
What are the prime factors of 447780275?
5, 31, 577781
List the prime factors of 313111308.
2, 3, 73, 137, 2609
List the prime factors of 9198684147.
3, 23, 167, 761, 1049
What are the prime factors of 275447488?
2, 4303867
List the prime factors of 275894331.
3, 673, 136649
List the prime factors of 5811025.
5, 11, 17, 113
What are the prime factors of 263593327?
19, 53, 261761
What are the prime factors of 123245920?
2, 5, 7, 17, 6473
List the prime factors of 1447184458.
2, 197, 283, 12979
List the prime factors of 953982682.
2, 59, 107, 75557
What are the prime factors of 4810193539?
19, 253168081
List the prime factors of 40717233.
3, 89, 50833
What are the prime factors of 475883039?
1201, 396239
List the prime factors of 4591121534.
2, 41, 67, 835661
List the prime factors of 127485196.
2, 43, 741193
What are the prime factors of 231002524?
2, 23, 509, 4933
List the prime factors of 9344568.
2, 3, 389357
List the prime factors of 93450615.
3, 5, 17, 29, 12637
What are the prime factors of 136335330?
2, 3, 5, 1514837
What are the prime factors of 1582235345?
5, 313, 1011013
List the prime factors of 523911096.
2, 3, 727, 10009
What are the prime factors of 684055578?
2, 3, 47, 2425729
List the prime factors of 2409347327.
199, 653, 18541
List the prime factors of 3892506840.
2, 3, 5, 71, 16921
What are the prime factors of 301328400?
2, 3, 5, 17, 14771
List the prime factors of 68799076.
2, 19, 199, 4549
List the prime factors of 728320112.
2, 13, 151, 23189
List the prime factors of 5404996908.
2, 3, 150138803
What are the prime factors of 31538524?
2, 7884631
List the prime factors of 236285479.
83, 2846813
List the prime factors of 213671406.
2, 3, 13, 31, 97, 911
List the prime factors of 1904212112.
2, 11, 61, 193, 919
List the prime factors of 222477024.
2, 3, 7, 11, 30097
List the prime factors of 8473228803.
3, 13, 8046751
What are the prime factors of 101143671?
3, 47, 717331
What are the prime factors of 40016674?
2, 17, 69233
What are the prime factors of 3889485559?
3889485559
List the prime factors of 141253375.
5, 59, 107, 179
List the prime factors of 289549722.
2, 3, 7, 11, 89533
List the prime factors of 28648725.
3, 5, 7, 197, 277
List the prime factors of 212594550.
2, 3, 5, 7, 202471
What are the prime factors of 384484499?
7, 127, 432491
List the prime factors of 38616187.
47, 67, 12263
What are the prime factors of 1056089867?
7, 223, 421, 1607
What are the prime factors of 167709776?
2, 13, 806297
List the prime factors of 59061723.
3, 7, 17, 23, 7193
List the prime factors of 116151476.
2, 7, 47, 88261
What are the prime factors of 1609956421?
43, 4133, 9059
What are the prime factors of 2117202508?
2, 17, 31135331
List the prime factors of 136944331.
337, 383, 1061
What are the prime factors of 1156311748?
2, 479, 603503
List the prime factors of 22150465.
5, 4430093
What are the prime factors of 24507872?
2, 19, 173, 233
List the prime factors of 1717320173.
29, 293, 202109
List the prime factors of 3046211691.
3, 17, 281, 212561
List the prime factors of 70179408.
2, 3, 13, 37489
List the prime factors of 42857745.
3, 5, 7, 408169
What are the prime factors of 329618008?
2, 131, 409, 769
What are the prime factors of 72767100?
2, 3, 5, 7, 34651
What are the prime factors of 500480988?
2, 3, 7, 31, 71, 2707
What are the prime factors of 1388496818?
2, 694248409
List the prime factors of 107963718.
2, 3, 17993953
List the prime factors of 2545611155.
5, 29, 3181, 5519
List the prime factors of 98052335.
5, 23, 29, 29401
List the prime factors of 11928031.
11928031
List the prime factors of 646381577.
19, 34020083
What are the prime factors of 901879253?
11, 81989023
List the prime factors of 87879519.
3, 7, 13, 47, 761
What are the prime factors of 34699104?
2, 3, 11, 1217
List the prime factors of 1926955071.
3, 31, 6906649
List the prime factors of 3454947052.
2, 863736763
What are the prime factors of 394425717?
3, 7, 67, 197, 1423
List the prime factors of 18374726.
2, 373, 24631
What are the prime factors of 281218378?
2, 7, 23, 873349
What are the prime factors of 2117914974?
2, 3, 7, 1531, 10979
What are the prime factors of 987033546?
2, 3, 19, 23, 151, 277
What are the prime factors of 106748097?
3, 31, 967, 1187
List the prime factors of 630101518.
2, 315050759
What are the prime factors of 587819457?
3, 89, 244619
What are th